are the prime factors of m?
2, 3
Suppose -d - 35 = -o, -4*d + 40 = 6*o - 4*o. Let p = o - -327. List the prime factors of p.
3, 7, 17
Let l(n) = -8*n**2 + 388*n - 38. What are the prime factors of l(18)?
2, 7, 311
Suppose -304 = -b + 3*z, 0 = 4*b + 8*z - 7*z - 1177. Suppose -15*i + b = -4925. List the prime factors of i.
2, 3, 29
Suppose 497 = -3*s + 10*s. Let n = -36 + s. Let r = n - 17. What are the prime factors of r?
2, 3
Suppose 7*l - 4*l = r + 701, -3*l = r - 709. List the prime factors of (3762/495)/(2/l).
19, 47
Let v(r) be the third derivative of 1/120*r**6 + 16*r**2 + 1/5*r**5 + 0*r + 3/8*r**4 + 17/3*r**3 + 0. What are the prime factors of v(-10)?
2, 3
Suppose 0 = 52*l - 56*l - 5*j + 178205, -2*l + j = -89127. List the prime factors of l.
2, 5, 557
Let w be (8 - 54/7) + (-6382)/(-7). Let f = w + -603. What are the prime factors of f?
3, 103
Let t = 23521 + -12305. List the prime factors of t.
2, 701
Let t(r) = -r**2 + 1. Let s be t(0). Let m be (-2)/(2*s*4/(-12)). List the prime factors of 127 + m/((-6)/(-8)).
131
Let b be 73/15 - (0 - (-6)/(-45)). Suppose 1641 = b*s - 4*w, -4*w + 3*w = s - 330. List the prime factors of s.
7, 47
Suppose 94 = r + 5*h, 0*h + 4*h + 16 = 0. Let o be (6/(-9))/(4/r). Let g(p) = p**3 + 19*p**2 - 5*p + 38. What are the prime factors of g(o)?
7, 19
Let z = -30 - -15. What are the prime factors of z/(-6)*(-254)/(-5)?
127
Suppose 0 = 2*x + 4*o - 2, 5*o = -6*x + 3*x + 4. Suppose -x*r = -7*r + 284. Let g = r + -32. List the prime factors of g.
3, 13
Let i(z) = 20*z**2 + 2*z + 2. Suppose 4*x - 104 = -28. Suppose 0 = -5*d - 3*n - x, 7*n + 7 = 4*d + 2*n. List the prime factors of i(d).
2, 3, 13
Let y(z) be the first derivative of z**4/4 + 3*z**3 + 7*z**2 + 5*z - 18. Let h be y(-7). Suppose -h*f = f - 240. What are the prime factors of f?
2, 5
Suppose -11*j + 28398 + 61010 = 0. List the prime factors of j.
2, 127
Let n be (-1)/(21/(-5) + 4). Let i(w) = 83*w - 19. What are the prime factors of i(n)?
2, 3, 11
Let w(p) = -p**2 + 16*p + 132. Let s be w(22). Suppose -5*g + s*g + 777 = r, -r - 4*g = -780. What are the prime factors of r?
2, 3, 11
Suppose -5*j + x = -1076, -3*j - x = 3*x - 664. Let n be 0 + (-1)/(-1)*3. Suppose 4*b - j = -2*m - 0*m, -n*m - 162 = -3*b. List the prime factors of b.
2, 3
Let l(p) = -11*p**2 - 16*p + 12. Let c be l(10). Let o = 2097 + c. What are the prime factors of o?
3, 283
Let o(w) = 1193*w - 767. List the prime factors of o(6).
7, 11, 83
Let z = 47 - 43. What are the prime factors of 264 - (z/30 - 252/(-135))?
2, 131
Let o = 170 - -490. Suppose -o = -7*r + 2*r. Suppose 4*d - 2*k = r, -5*d + 165 = k + 2*k. List the prime factors of d.
3, 11
Suppose -2*f + 3*l = 5*l - 2, -4*f - 3 = -3*l. Suppose f = -3*t + 283 + 275. What are the prime factors of t?
2, 3, 31
Let h(m) = -15*m - 4. Let a(y) = -4*y - 1. Let z(j) = -22*a(j) + 6*h(j). Let w be z(-3). Suppose -24 = w*n - 60. What are the prime factors of n?
3
Let y(i) = 854*i**2 - 6*i - 3. Let v(z) = -z**3 - 2*z**2 + 16*z + 4. Let a be v(-5). What are the prime factors of y(a)?
857
Let c = -231 - -231. Suppose c = -2*d + 5*g + 1048, -2096 = -4*d + 11*g - 6*g. List the prime factors of d.
2, 131
Suppose -t - 5*z + 4119 = 84, -2*z - 36362 = -9*t. What are the prime factors of t?
2, 5, 101
Suppose -7*t - 84 = -4*t. What are the prime factors of ((-3)/(105/t))/((-3)/(-420))?
2, 7
Let i(v) = 63*v**2 - 94*v + 115. What are the prime factors of i(-15)?
2, 5, 157
Let q(g) = -7*g**3 - 4*g**2 - 43*g + 23. What are the prime factors of q(-10)?
3, 2351
Let q(o) = -o**3 + 51*o**2 - 242*o - 288. What are the prime factors of q(39)?
2, 3, 7, 29
Let g(q) = -867*q + 475. List the prime factors of g(-2).
47
Let p = 29916 + -19652. What are the prime factors of p?
2, 1283
Let y = 30 + -30. Suppose y = 5*k - 8*k. List the prime factors of k/4 + -2 + 93/1.
7, 13
Suppose a = 3*z - 2626, -2*z + 1748 = -0*z + 2*a. Let t = 373 + z. Suppose -5*j = 93 - t. What are the prime factors of j?
3, 7, 11
Let z(y) = -5*y**2 - y**3 + 3 - 71*y + 68*y + 4. Let x be z(-4). Suppose -838 = -5*j + 3*r, 4*j + x*r = 584 + 81. What are the prime factors of j?
167
Let w = -4310 + 9227. Suppose w = -145*r + 156*r. List the prime factors of r.
3, 149
Let u(j) = 2*j**3 + 6*j**2 + 4*j + 26. Let x be u(-4). Let i(n) = n**3 + 21*n**2 - 48*n - 63. What are the prime factors of i(x)?
509
Let d = 39512 + -23607. What are the prime factors of d?
5, 3181
Let m = -16814 + 16810. Let q(b) be the first derivative of -b**4/4 + 5*b**3/3 - 2*b**2 - 1. What are the prime factors of q(m)?
2, 5
Let h(z) = -z**3 + 9*z**2 + 9*z + 12. Let k be h(10). Suppose 3 = -j - k*j + 2*t, 3*t = -3*j - 18. List the prime factors of -3*j/(-9)*-20.
2, 5
Let v(r) = -r**2 - 38*r + 81. Let t(s) = s**3 - 18*s**2 + 30*s + 1. Let k be t(16). What are the prime factors of v(k)?
2, 149
Suppose -2439*w = -2422*w - 23664. What are the prime factors of w?
2, 3, 29
Suppose f = -2*u + 46, -19 = -2*u + 3*f + 11. Suppose -2*v - k = -u - 976, 4*v - 2*k - 1990 = 0. What are the prime factors of v?
2, 3, 83
List the prime factors of 3372*(-7)/21*-5.
2, 5, 281
Suppose -2*g - 1 = w, -2*w - 8*g - 2 = -3*g. Let p be 16/80 + w/5. Suppose 5*d - i - 327 = p, 0 = -2*d - 3*i + 7*i + 138. List the prime factors of d.
5, 13
Let t be 1/2*-1*-434. Let w(x) = 7*x**2 + 6*x - 22. Let c be w(4). Let r = t - c. What are the prime factors of r?
103
Let n be 2 + 0/(1 + 6/3). Suppose -13 = -n*s - 31. List the prime factors of ((-2)/(-15))/(s/162)*-60.
2, 3
Suppose 5*z - 26 = 29. Let k(j) = j - 3. List the prime factors of k(z).
2
List the prime factors of -1 - 0 - (-40 - -39) - (-132640)/8.
2, 5, 829
Let o(s) = -s**2 + 89*s + 52. Let n be o(21). Let k = n + -385. List the prime factors of k.
3, 5, 73
Let j be 35*((-14)/10 + 6/15). Let v = 39 + j. Suppose v*l - 250 = -l. What are the prime factors of l?
2, 5
Let x be (-4)/10 + (-748)/55. Let u(t) = 2*t**2 + 14*t + 15. List the prime factors of u(x).
211
Let s = 7167 + -10671. Let p be 3/(-15) - s/20. Suppose -k - 4*v + p = 0, -k + 140 = -0*k - 3*v. What are the prime factors of k?
5, 31
Let o = 33 + -18. Suppose g - 1615 = -o*q + 10*q, -1316 = -4*q + 4*g. What are the prime factors of q?
2, 3
List the prime factors of (-146 + 147)/(1/23761).
23761
Let l be 5 + -2 - (3 - 0). Let m be ((0 - -2) + l)/((-6)/(-12)). List the prime factors of 4/m*-2 - -3 - -125.
2, 3, 7
Let n(u) = -2*u - 15 - 35*u - 15 - 130*u. What are the prime factors of n(-5)?
5, 7, 23
Let w = 235 + -233. Suppose -q - 46 = -0*q. List the prime factors of (w/3)/(q/(-4623)).
67
Let d = -89542 - -150203. What are the prime factors of d?
60661
Suppose -10 = -2*l + b, -4*l + l = -2*b - 15. Suppose -r - 3*n - 198 = -2*r, l*n + 610 = 3*r. List the prime factors of r.
2, 3, 5, 7
Let a(n) = -196*n + 28. Let w be a(-3). Let c = -351 + w. What are the prime factors of c?
5, 53
List the prime factors of 87837/228*(-3 + 7).
23, 67
Suppose 0 = 4*s + 939 - 907. List the prime factors of 214/(2/s + 30/24).
2, 107
Let l(a) = 32*a + 52. Let q be l(-1). Suppose -q*m = -10425 - 12775. What are the prime factors of m?
2, 5, 29
Let d be 2 + 382/8 + (-4)/(-16). Suppose 5*m - 5*h + 2*h - 50 = 0, -4*h = -5*m + d. What are the prime factors of m?
2, 5
Suppose -2*u + 47544 = 4*d, -24672 = 4*d + 5*u - 72234. List the prime factors of d.
3, 17, 233
Let i(g) = -1186*g + 7718. What are the prime factors of i(-34)?
2, 3, 17, 157
Let w(t) = -4*t - 30. Suppose -2*i + 0*i = 5*o + 6, -12 = -2*i + 4*o. Suppose -5*c - 5*g - 81 = 24, i*g = -3*c - 59. List the prime factors of w(c).
2, 19
Let n = -159 + 179. Let z(k) = 18*k - 126. List the prime factors of z(n).
2, 3, 13
Let r(v) = 7*v**3 - 3*v**2 + 1. Let d be r(2). Suppose 587 = -4*o - d. Let f = -93 - o. What are the prime factors of f?
5, 13
Let k(i) = i**2 - 19*i + 20. Let b be k(18). Let c(o) = -o - o**3 - o**3 + 0*o**b + 0*o + 3*o**2. What are the prime factors of c(-3)?
2, 3, 7
What are the prime factors of (((-99040)/28)/(-2))/(21/294)?
2, 5, 619
Let t(j) = -4*j - 3. Let n(m) = -2*m - 2. Let c(v) = 5*n(v) - 2*t(v). Let p be c(-4). What are the prime factors of ((-166)/p)/((-2)/(-4) - 1)?
83
Let p be (123/6)/(5/10). Suppose -p*c + 2864 = -33*c. What are the prime factors of c?
2, 179
List the prime factors of -14 + 1/(4/4936).
2